 185*s - 1209. Give a(-27).
141
Let s(g) = 107*g + 527. Calculate s(-5).
-8
Let c(q) = -q**3 + 13*q**2 - 10*q - 7. Determine c(12).
17
Let c(k) = -552*k + 4421. Determine c(8).
5
Let l(y) = -15*y**2 - 180*y - 5. What is l(-12)?
-5
Let c(x) = 46*x - 23. Calculate c(1).
23
Let y(m) = 2*m**3 - 6*m**2 - 13*m + 11. What is y(-3)?
-58
Let v(f) = -16*f**2 - 220*f + 50. Determine v(-14).
-6
Let k(h) = -h**3 + 64*h**2 + 134*h - 129. Determine k(66).
3
Let q(k) = -k**3 - 9*k**2 + 61*k + 418. What is q(-11)?
-11
Let t(k) = k**3 + k**2 - 129*k - 547. What is t(-5)?
-2
Let y(u) = -5*u**2 - 885*u - 3554. Calculate y(-4).
-94
Let i(o) = 9*o - 374. Calculate i(26).
-140
Let v(a) = 3*a**3 + 26*a**2 + 3*a + 27. What is v(-5)?
287
Let p(i) = 30*i**2 - 30*i + 31. What is p(1)?
31
Let c(k) = -2*k**3 + k**2 - 8*k + 24. What is c(5)?
-241
Let m(y) = -29*y - 1757. Determine m(-61).
12
Let r(f) = f**3 - 49*f**2 + 101*f - 367. Calculate r(47).
-38
Let b(x) = x**2 - 864*x + 5169. What is b(6)?
21
Let x(b) = b**3 + 9*b**2 - 19*b - 219. What is x(-8)?
-3
Let q(d) = 7*d**2 - 13*d - 12. Calculate q(-1).
8
Let i(a) = -26*a + 22. Determine i(6).
-134
Let p(y) = y**3 - 3*y**2 - 1150*y + 4590. What is p(4)?
6
Let r(z) = -z**2 + 18*z + 48. Calculate r(-7).
-127
Let n(p) = 142*p - 6220. Give n(44).
28
Let t(c) = -670*c**2 + 4022*c - 5. Give t(6).
7
Let d(u) = -8*u - 4. Give d(0).
-4
Let p(k) = 4*k**2 + 156*k - 498. Give p(3).
6
Let p(r) = r**3 + 4*r**2 - 1136*r - 4522. Determine p(-4).
22
Let n(c) = -27*c**2 + 3*c - 3. Give n(1).
-27
Let w(i) = -2*i**2 + 120*i - 225. Determine w(58).
7
Let c(n) = -26*n**2 - 3040*n + 229. What is c(-117)?
-5
Let t(g) = -g**2 - 69*g - 277. Calculate t(-65).
-17
Let h(n) = -22*n - 2332. Calculate h(-104).
-44
Let c(q) = -745*q - 8195. Determine c(-11).
0
Let l(c) = -9*c - 109. Calculate l(5).
-154
Let k(q) = 32*q - 358. Give k(11).
-6
Let i(y) = 2*y**2 + 77*y + 227. Determine i(-34).
-79
Let f(y) = 22568*y + 67689. Give f(-3).
-15
Let m(y) = -3*y**2 - 39*y - 242. What is m(-7)?
-116
Let n(y) = 3*y**3 + 50*y**2 + 213*y + 30. What is n(-8)?
-10
Let c(k) = -k**3 - 29*k**2 - 100*k - 10. Give c(-25).
-10
Let n(w) = 3*w**3 - 4*w**2 - 16*w - 6. Determine n(-4).
-198
Let k(p) = -259*p + 36004. Determine k(139).
3
Let w(x) = 5*x**3 - 6*x**2 - 2*x - 4. Determine w(2).
8
Let o(r) = -7*r**2 - 164*r + 120. Determine o(-24).
24
Let b(k) = 39*k**2 + 5*k + 7. Calculate b(-1).
41
Let n(t) = t**3 + 45*t**2 + 165*t + 30. What is n(-41)?
-11
Let g(b) = 176*b**2 - 8*b - 5. Determine g(-1).
179
Let n(z) = -3*z**2 + 47*z + 332. Give n(21).
-4
Let a(k) = -k**2 - 30*k - 170. Give a(-25).
-45
Let q(a) = -a**3 - 46*a**2 + 10*a + 459. What is q(-46)?
-1
Let m(p) = 2*p**2 + 26*p + 137. What is m(-8)?
57
Let o(x) = -x**3 + 9*x**2 + 26*x - 14. Give o(11).
30
Let r(z) = -z**2 + 10*z + 10. What is r(-8)?
-134
Let q(s) = 10*s**2 - 14*s - 19. What is q(-2)?
49
Let i(c) = 384*c - 17268. Determine i(45).
12
Let l(d) = -443*d + 1807. What is l(5)?
-408
Let w(j) = 1482*j + 2940. What is w(-2)?
-24
Let f(a) = 3*a**3 + 72*a**2 - 3*a - 79. Determine f(-24).
-7
Let c(m) = -11*m - 1319. What is c(-119)?
-10
Let m(u) = -6*u**2 - 45*u - 56. Give m(-6).
-2
Let q(z) = -38*z - 1140. Give q(-30).
0
Let q(m) = -22*m + 160. Calculate q(6).
28
Let r(m) = 15*m + 922. What is r(-62)?
-8
Let j(h) = h**3 - 18*h**2 - 76*h - 48. What is j(21)?
-321
Let f(a) = -2*a**3 - 22*a**2 + 14*a + 6. Determine f(-12).
126
Let c(y) = 2*y**2 - 519*y - 34968. What is c(315)?
-3
Let o(p) = -p**3 - 19*p**2 + 40*p - 18. Give o(-21).
24
Let n(d) = 13*d - 116. Determine n(0).
-116
Let s(q) = q**2 + 79*q - 2001. Calculate s(-99).
-21
Let k(q) = q**3 + 34*q**2 - 35*q - 17. Give k(-35).
-17
Let z(a) = -13*a**2 + 4*a - 11. Give z(-5).
-356
Let j(n) = n**2 - 46. Calculate j(-4).
-30
Let i(z) = -2524*z + 2520. Give i(1).
-4
Let p(o) = -o**2 + 44*o - 309. Give p(7).
-50
Let w(h) = 20*h - 456. Determine w(23).
4
Let b(n) = 2*n**3 - 44*n**2 + 5*n - 75. Determine b(22).
35
Let x(y) = -35*y + 135. Determine x(4).
-5
Let r(g) = 11*g**2 + 163*g - 340. Calculate r(2).
30
Let h(z) = -2*z**2 - 139*z - 1761. Give h(-17).
24
Let c(m) = 2*m**3 + 2*m**2 - 6*m + 4. Determine c(0).
4
Let q(x) = x**3 + 20*x**2 - 230*x - 4060. Calculate q(-22).
32
Let z(m) = m**3 + 10*m**2 - 21*m - 128. Calculate z(-3).
-2
Let f(o) = -o**3 + 19*o**2 + 71*o - 28. Determine f(22).
82
Let o(p) = -55*p + 1474. Determine o(29).
-121
Let r(o) = 20*o**2 + 48*o - 6. Give r(-3).
30
Let l(x) = -200*x - 1000. Give l(-5).
0
Let t(a) = -9*a**3 + 58*a**2 + 26*a - 20. Calculate t(7).
-83
Let s(d) = 13*d - 867. Give s(67).
4
Let f(u) = u**3 - 10*u**2 + 33*u - 25. What is f(4)?
11
Let p(g) = 189*g + 378. Give p(-2).
0
Let c(o) = 674*o + 1365. Give c(-2).
17
Let t(v) = -16*v - 97. What is t(-3)?
-49
Let b(m) = -91*m**3 + m**2 - 3*m + 3. Calculate b(1).
-90
Let z(f) = f**3 + 391*f**2 + 7419*f - 33. Calculate z(-20).
-13
Let s(y) = -395*y - 32775. Calculate s(-83).
10
Let m(v) = v**2 + 4*v + 243. Calculate m(0).
243
Let q(i) = 6*i**2 + 86*i - 573. What is q(-21)?
267
Let m(c) = c**3 + 39*c**2 + 30*c - 289. What is m(-38)?
15
Let l(d) = 27*d**2 + 117*d - 3659. What is l(-14)?
-5
Let h(w) = -w**2 + 139*w - 816. Determine h(6).
-18
Let z(l) = l**3 + 22*l**2 - 392*l - 54. Calculate z(-34).
-598
Let h(v) = -v - 265. Determine h(-35).
-230
Let q(r) = 264*r - 33294. What is q(126)?
-30
Let m(i) = i**2 + 64*i - 51. Give m(-51).
-714
Let r(c) = 26*c + 137. Give r(-5).
7
Let i(w) = 2*w**3 + 37*w**2 + 52*w + 14. Calculate i(-17).
-3
Let y(k) = -6*k**2 + 217*k - 39. What is y(36)?
-3
Let f(y) = 18*y + 563. Give f(-24).
131
Let u(f) = -f**3 + 157*f**2 - 271*f - 6046. Give u(155).
-1
Let m(q) = 469*q + 3747. Give m(-8).
-5
Let s(g) = -68*g + 333. Calculate s(5).
-7
Let f(i) = 279*i - 3976. Give f(14).
-70
Let y(j) = -3*j**2 + 128*j - 1369. What is y(23)?
-12
Let o(y) = -y**3 + 54*y**2 + 18*y - 3787. Give o(53).
-24
Let s(z) = -316*z + 1923. What is s(6)?
27
Let z(p) = -p**2 + 2525*p + 20256. Give z(-8).
-8
Let c(d) = d**3 + 25*d**2 - 3*d + 197. Calculate c(-25).
272
Let y(i) = -i**2 - 39*i - 76. Give y(-35).
64
Let t(a) = -2*a**3 + 9*a**2 + 5*a - 15. What is t(4)?
21
Let p(q) = q**3 + 42*q**2 + 230*q + 5996. Give p(-40).
-4
Let b(a) = -2*a**2 - 90*a + 218. Give b(-45).
218
Let v(h) = -h**3 + h**2 + 1655*h + 1. What is v(0)?
1
Let h(l) = -57*l - 304. What is h(3)?
-475
Let o(f) = 593*f - 15407. Determine o(26).
11
Let m(u) = -62*u + 30. Give m(0).
30
Let t(p) = -p**2 + 126*p - 1548. Determine t(14).
20
Let w(h) = -h**3 + 4*h**2 - 13*h + 44. Determine w(4).
-8
Let w(g) = g**2 - 219*g + 2489. Determine w(12).
5
Let m(o) = -6*o**3 - 68*o**2 - 25*o + 8. Calculate m(-11).
41
Let a(m) = m**3 - 153*m**2 + 2304*m + 1075. Determine a(136).
-13
Let x(y) = 63*y + 378. What is x(-5)?
63
Let l(a) = -62*a + 50. Give l(4).
-198
Let a(g) = 3*g**3 + 6*g**2 + 7*g - 27. What is a(-3)?
-75
Let z(i) = -17*i**2 - 239*i - 8. Calculate z(-14).
6
Let y(g) = 3*g + 81. What is y(-9)?
54
Let w(q) = -1462*q + 14517. Give w(10).
-103
Let l(j) = -42*j - 126. Calculate l(-10).
294
Let b(c) = 81*c - 2017. Give b(24).
-73
Let m(n) = -n**3 + 2*n**2 - 230*n + 2236. Give m(8).
12
Let f(r) = -39*r + 1. Determine f(4).
-155
Let o(k) = 40*k**2 - 146*k. Give o(4).
56
Let h(k) = 254*k + 15493. Calculate h(-61).
-1
Let p(v) = v**3 - 46*v**2 + 5*v - 211. Give p(46).
19
Let c(d) = -d**3 + 59*d**2 - d - 48. Determine c(59).
-107
Let g(j) = j**3 - 32*j**2 - 36*j - 1. Calculate g(33).
-100
Let g(i) = 443*i + 4437. Calculate g(-10).
7
Let l(r) = 591*r + 23040. Give l(-39).
-9
Let m(l) = 4*l**3 - 631*l**2 - 154*l - 647. Determine m(158).
-15
Let y(h) = h**3 - 21*h**2 + 40*h - 47. Calculate y(19).
-9
Let y(c) = 477*c - 448. Calculate y(1).
29
Let k(o) = -14*o**2 + 63*o - 129. Give k(2).
-59
Let c(y) = -y**3 + 33*y**2 - 60*y - 64. Determine c(31).
-2
Let p(y) = -50*y - 36. What is p(-3)?
114
Let o(x) = -2*x**2 + 3*x + 49. What is o(15)?
-356
Let a(u) = 5*u + 291. Calculate a(-17).
206
Let v(s) = -23*s - 40. Determine v(-16).
328
Let h(t) = -87*t + 4436. Give h(51).
-1
Let c(n) = -3199*n + 15993. Calculate c(5).
-2
Let x(g) = g**2 - 17*g + 73. What is x(11)?
7
Let l(t) = -134*t - 429. Calculate l(-5).
241
Let m(n) = 9*n + 343. Give m(-39).
-8
Let v